t is the remainder when 1394 is divided by 224?
50
Calculate the remainder when 1065481 is divided by 32287.
10
Calculate the remainder when 4848 is divided by 43.
32
Calculate the remainder when 104317 is divided by 246.
13
Calculate the remainder when 54373 is divided by 36.
13
Calculate the remainder when 2636 is divided by 245.
186
What is the remainder when 196 is divided by 65?
1
Calculate the remainder when 25619 is divided by 12702.
215
What is the remainder when 6699 is divided by 2209?
72
What is the remainder when 8953 is divided by 1275?
28
Calculate the remainder when 13994 is divided by 125.
119
What is the remainder when 321088 is divided by 221?
196
Calculate the remainder when 1676 is divided by 86.
42
Calculate the remainder when 48647 is divided by 24322.
3
Calculate the remainder when 42627 is divided by 2368.
3
Calculate the remainder when 24103 is divided by 72.
55
What is the remainder when 8550 is divided by 714?
696
Calculate the remainder when 81916 is divided by 28.
16
Calculate the remainder when 7120 is divided by 253.
36
What is the remainder when 6035 is divided by 338?
289
Calculate the remainder when 30596 is divided by 1912.
4
Calculate the remainder when 43501 is divided by 113.
109
What is the remainder when 196125 is divided by 39225?
0
What is the remainder when 21081 is divided by 432?
345
Calculate the remainder when 82189 is divided by 467.
464
What is the remainder when 816136 is divided by 408064?
8
Calculate the remainder when 1795 is divided by 582.
49
Calculate the remainder when 11147 is divided by 532.
507
Calculate the remainder when 6615 is divided by 1642.
47
Calculate the remainder when 15295 is divided by 129.
73
Calculate the remainder when 1127 is divided by 394.
339
Calculate the remainder when 879 is divided by 27.
15
What is the remainder when 18244 is divided by 190?
4
What is the remainder when 1467478 is divided by 40?
38
Calculate the remainder when 48863 is divided by 6980.
3
Calculate the remainder when 66456 is divided by 617.
437
What is the remainder when 6014 is divided by 47?
45
What is the remainder when 1248 is divided by 26?
0
Calculate the remainder when 1359314 is divided by 36.
26
Calculate the remainder when 1321 is divided by 175.
96
What is the remainder when 24395 is divided by 678?
665
What is the remainder when 26040 is divided by 930?
0
What is the remainder when 914 is divided by 416?
82
What is the remainder when 46115 is divided by 497?
391
What is the remainder when 1256 is divided by 45?
41
Calculate the remainder when 8451 is divided by 85.
36
Calculate the remainder when 224118 is divided by 128.
118
Calculate the remainder when 346857 is divided by 235.
232
Calculate the remainder when 2798 is divided by 16.
14
What is the remainder when 1564 is divided by 63?
52
What is the remainder when 5993 is divided by 5?
3
Calculate the remainder when 4742 is divided by 1294.
860
What is the remainder when 1468 is divided by 683?
102
Calculate the remainder when 5410 is divided by 186.
16
Calculate the remainder when 219205 is divided by 24.
13
What is the remainder when 7450 is divided by 227?
186
Calculate the remainder when 93552 is divided by 29.
27
Calculate the remainder when 438 is divided by 417.
21
What is the remainder when 20562 is divided by 451?
267
What is the remainder when 10873 is divided by 5287?
299
Calculate the remainder when 42362 is divided by 7054.
38
What is the remainder when 2538 is divided by 1267?
4
What is the remainder when 50108 is divided by 1354?
10
What is the remainder when 273 is divided by 239?
34
Calculate the remainder when 3590 is divided by 198.
26
Calculate the remainder when 100025 is divided by 8.
1
Calculate the remainder when 229952 is divided by 114972.
8
Calculate the remainder when 1527 is divided by 831.
696
What is the remainder when 39591 is divided by 1801?
1770
What is the remainder when 4005 is divided by 65?
40
Calculate the remainder when 27731 is divided by 462.
11
Calculate the remainder when 597 is divided by 249.
99
Calculate the remainder when 46605 is divided by 414.
237
Calculate the remainder when 10955 is divided by 2166.
125
What is the remainder when 59423 is divided by 30?
23
What is the remainder when 29470 is divided by 9819?
13
What is the remainder when 10468 is divided by 110?
18
What is the remainder when 27871 is divided by 490?
431
Calculate the remainder when 8038 is divided by 6671.
1367
What is the remainder when 3159 is divided by 470?
339
Calculate the remainder when 548510 is divided by 127.
124
What is the remainder when 20837 is divided by 300?
137
What is the remainder when 5380 is divided by 5337?
43
Calculate the remainder when 14843 is divided by 158.
149
Calculate the remainder when 3615 is divided by 211.
28
Calculate the remainder when 471 is divided by 24.
15
What is the remainder when 9728 is divided by 31?
25
Calculate the remainder when 7835 is divided by 489.
11
Calculate the remainder when 69471 is divided by 208.
207
What is the remainder when 62679 is divided by 6?
3
What is the remainder when 2456661 is divided by 494?
493
What is the remainder when 8813 is divided by 2?
1
What is the remainder when 1533466 is divided by 178?
174
What is the remainder when 2079403 is divided by 365?
363
What is the remainder when 80029 is divided by 68?
61
What is the remainder when 661 is divided by 301?
59
Calculate the remainder when 266730 is divided by 31.
6
What is the remainder when 5661 is divided by 96?
93
What is the remainder when 407459 is divided by 83?
12
Calculate the remainder when 22160 is divided by 360.
200
Calculate the remainder when 68824 is divided by 90.
64
What is the remainder when 6335 is divided by 96?
95
Calculate the remainder when 15389 is divided by 641.
5
What is the remainder when 20756 is divided by 21?
8
What is the remainder when 45044 is divided by 3213?
62
Calculate the remainder when 8974 is divided by 188.
138
What is the remainder when 93752 is divided by 87?
53
Calculate the remainder when 96022 is divided by 11.
3
Calculate the remainder when 22120 is divided by 76.
4
Calculate the remainder when 1479290 is divided by 191.
186
What is the remainder when 74089 is divided by 24692?
13
Calculate the remainder when 21189 is divided by 21038.
151
Calculate the remainder when 12399 is divided by 2063.
21
Calculate the remainder when 351358 is divided by 183.
181
Calculate the remainder when 67405 is divided by 47.
7
Calculate the remainder when 1315 is divided by 218.
7
Calculate the remainder when 5031 is divided by 219.
213
Calculate the remainder when 21203 is divided by 1766.
11
What is the remainder when 2338 is divided by 2166?
172
Calculate the remainder when 2788 is divided by 1387.
14
What is the remainder when 3314 is divided by 1002?
308
What is the remainder when 11980 is divided by 599?
0
Calculate the remainder when 7388 is divided by 1473.
23
Calculate the remainder when 55040 is divided by 1376.
0
What is the remainder when 40258 is divided by 1550?
1508
Calculate the remainder when 4085 is divided by 1683.
719
What is the remainder when 87618 is divided by 2655?
3
What is the remainder when 106236 is divided by 13?
0
Calculate the remainder when 3098 is divided by 194.
188
What is the remainder when 814757 is divided by 49?
34
What is the remainder when 574246 is divided by 17?
3
Calculate the remainder when 131150 is divided by 131149.
1
What is the remainder when 49511 is divided by 38?
35
Calculate the remainder when 100336 is divided by 296.
288
What is the remainder when 4720 is divided by 4706?
14
Calculate the remainder when 28549 is divided by 433.
404
Calculate the remainder when 101144 is divided by 350.
344
Calculate the remainder when 3461 is divided by 51.
44
What is the remainder when 45252 is divided by 139?
77
Calculate the remainder when 3154 is divided by 600.
154
Calculate the remainder when 1245 is divided by 465.
315
Calculate the remainder when 2132 is divided by 2017.
115
What is the remainder when 1775291 is divided by 717?
716
What is the remainder when 11551 is divided by 1282?
13
What is the remainder when 32866 is divided by 8?
2
Calculate the remainder when 85767 is divided by 85760.
7
Calculat